5)?
5
What is (2 - 9) + 4 - (2 + 0)?
-5
Calculate -7 + 11 + -2 + 1 + 2.
5
Calculate 5 + (0 - 6) - (1 + 4).
-6
Evaluate 6 - ((-9 - -8) + 13).
-6
What is 3 + -8 + 13 + -10 + 7?
5
Evaluate -5 + 5 + -8 + 2 - -3.
-3
Calculate (11 - 16) + (2 - (2 + -6)).
1
What is the value of -9 - -13 - (1 + -2 + 4)?
1
What is the value of 0 - ((-1 - -5) + -5)?
1
What is the value of (0 + 1 - (-5 + 3)) + -3?
0
Calculate -6 + 0 + 7 + 7.
8
Calculate -110 + 120 - (0 + 8).
2
Calculate -7 + 1 + 1 + 12 + 2.
9
-4 - (-5 - ((0 - 3) + 0))
-2
Calculate (-6 - 0 - -9) + 1 - -2.
6
Evaluate (0 - (-1 + 6) - -3) + 3.
1
-25 + 25 + (1 - (-1 - -3))
-1
What is the value of 4 - 5 - (-1 - (2 + -1))?
1
What is 7 - ((24 - 13) + 3)?
-7
What is -10 + -2 + (4 - (-3 - -6))?
-11
What is 5 - ((4 - 12 - -7) + 2)?
4
What is 1 - 0 - (-3 + (4 - 4))?
4
Calculate 0 + (-1 - (-7 + (3 - -3))).
0
What is the value of 0 - (5 + -3 + 1 - 0)?
-3
What is -2 - (-3 + -1 - (2 - 2))?
2
Calculate 1 + (-5 + 2 - (-1 - -3)).
-4
Evaluate 42 + -34 - ((-1 - -1) + 3).
5
Evaluate -3 + 7 + 1 + -1 - 0.
4
What is the value of (0 - -1) + 0 - 4?
-3
What is the value of (6 + -4 - 3) + -4 - -4?
-1
What is the value of 9 + -1 + (-10 - (-13 - -5))?
6
Evaluate 6 + -8 + 6 + (5 - 3).
6
6 - (14 + -2) - -16
10
0 - (0 + 0 - -2)
-2
Calculate -1 + 4 + 1 - 6.
-2
Evaluate -2 + (2 - -3) - (2 - 4).
5
4 - -2 - (-48 + 50)
4
8 - (5 + 1 - 3)
5
Evaluate 59 + -57 + (-5 - (0 + 1)).
-4
What is (0 - -1) + (-13 - (-8 - -4))?
-8
What is 0 - (-1 + 1 + 0 + -2)?
2
Evaluate (3 - 3 - 5) + 1.
-4
Evaluate 3 - (0 + 5) - -5 - 1.
2
-3 + -1 + 2 + -3 - -2
-3
What is the value of 1 + (2 - 1) + 0 - -2?
4
What is -2 + (-1 - (0 - 8))?
5
Evaluate 19 + -14 + -6 + -1.
-2
-16 + (-1 - 2) + (15 - 5)
-9
What is -10 + -8 + (4 - -11)?
-3
What is 6 + 2 + (7 - 22)?
-7
What is the value of (-23 - -28) + (0 - 4)?
1
-2 + (9 - 7) - (-6 - -3)
3
Evaluate (-1 + -2 - (3 - 2)) + 0.
-4
What is (5 + -9 - (-4 + 1)) + 6?
5
Calculate 1 + 0 + 3 + 4 + -8.
0
What is the value of 11 + -7 - (0 + 5)?
-1
What is (-29 - -20) + (-1 - -13)?
3
3 - (10 + 0 + (-26 - -23))
-4
-15 + 23 - (-5 + 6)
7
What is the value of 3 - ((-3 - -6) + -7 + 7)?
0
(7 - 15 - -25 - 2) + -6
9
Evaluate -11 + -4 + (2 - -20).
7
Evaluate 1 - (-1 - (1 - 3)) - 0.
0
What is -7 + (6 - (-3 - -3))?
-1
What is the value of (2 - 5) + (2 - -1)?
0
Evaluate 14 + -7 + 8 - 12.
3
What is the value of -17 + (-7 - -25) - (7 + 0)?
-6
Calculate (8 + -17 - -5) + 4.
0
What is the value of 18 + (9 - 4) + -13?
10
1 + -10 + 3 + 2
-4
Evaluate -3 - (3 + -6) - (7 + -4).
-3
-7 - -4 - (3 + -9)
3
Calculate 1 + -1 + 0 + 1 - 2.
-1
Calculate 0 - (-6 + (16 - 7)).
-3
What is the value of (-4 - (-17 + 2)) + (1 - 5)?
7
Evaluate (-2 - 3 - -2) + 4 + 1.
2
What is the value of (17 - 37) + 13 - (-1 - 1)?
-5
What is the value of (-6 - (6 + -13)) + -7 + 1?
-5
What is 54 + -46 + -7 + -3?
-2
-6 + (0 - (-10 - -8))
-4
1 + (5 + -4 - 2) + 0
0
Evaluate 12 - (0 - -7) - (-3 - -3).
5
Evaluate 3 + -1 + 4 + -3.
3
Calculate -7 - -8 - (4 - 2 - -2).
-3
What is (10 - (-1 - -8)) + -1 + -1?
1
5 - (1 + -5 + 10)
-1
What is the value of 1 - (-1 + (-4 - -1) + 3)?
2
What is the value of 13 - (-12 + 28 + -9)?
6
What is the value of -4 + 9 + -3 - (-1 - -2)?
1
Evaluate -2 + 1 - 3 - -3.
-1
What is (-3 - (0 + -4)) + 3?
4
3 + (3 - (-1 + 5))
2
(5 - 0) + -9 + 8 + -1
3
What is (5 - -1) + (22 - 26)?
2
What is 6 - (4 + 2 + -5)?
5
12 - ((5 - 3) + 4)
6
Calculate -8 + 18 + -5 + -8 + 1.
-2
What is the value of 12 - 18 - (0 - (0 + 2))?
-4
What is (13 - 13) + (-4 - (1 - 3))?
-2
Evaluate 1 + 9 + -3 + -2.
5
Evaluate 6 + -9 + (2 + 2 - 3).
-2
What is (-4 + 2 - (23 + -28)) + 2?
5
Evaluate 4 + -4 - (-3 - 2).
5
Calculate (1 - 3) + 5 + -3 + -3.
-3
Calculate -3 - 5 - (-24 + 21).
-5
What is 7 + -3 + 3 + 2 + -5?
4
Calculate 8 + -6 - (-3 + 0).
5
What is the value of -3 + (11 - ((4 - 2) + 1))?
5
Evaluate (-7 - -9) + -3 + 0 + 0.
-1
What is the value of 4 - (-10 - -9 - (-5 - -1))?
1
Calculate 0 + 0 + 1 - (20 - 21).
2
Evaluate -3 + 6 + -1 - (-6 + 5).
3
Calculate (-40 - -34) + -2 + 1 + 9.
2
Calculate 1 + 4 - (21 - 11).
-5
What is -1 + (-3 - (4 - 10))?
2
(4 - 8 - -4) + -5
-5
What is the value of 7 + 4 + -4 + -9 + 4?
2
Evaluate -4 - (4 - (12 + -6)).
-2
Evaluate -1 + 6 - (0 - (-4 - -2)).
3
What is the value of (19 - (5 + 0) - 8) + -16?
-10
What is the value of (-4 - 2) + -3 + 6?
-3
3 - -1 - (18 - 2) - -6
-6
Evaluate -2 - -5 - 0 - (20 - 24).
7
What is 1 + -3 + 1 + 4 + -2?
1
Evaluate 2 - 1 - (7 + 3).
-9
What is the value of 1 + -12 + (17 - 12) + 1?
-5
(-2 - 1) + (-1 - -5 - 1)
0
Evaluate 1 + 4 + -3 - (3 + -4).
3
(-6 - 1) + 3 + 1
-3
Calculate (-8 - 0 - -10) + 2.
4
Evaluate 5 + 11 + -12 - (-1 - -11).
-6
Calculate 9 + (0 - 13) + 3.
-1
-152 + 164 + 0 + 1 + -6
7
What is the value of -6 + (11 - 7) + 3?
1
Evaluate 1 - 0 - (-5 + 4).
2
5 + -8 - (-2 - -3)
-4
What is (-1 - -2 - (-24 - -22)) + 1?
4
Calculate (6 - 2) + 0 - 5.
-1
-8 + -8 + (25 - (-2 + 8))
3
-8 + 2 + (163 - 149)
8
What is -7 - (2 + -5 - (-5 - -10))?
1
Evaluate 3 + -10 - (0 + -2).
-5
Calculate -1 + 5 + (0 - (16 + -8)).
-4
What is the value of -5 + 7 + (-2 + 1 - -3)?
4
What is 5 + 4 + (-12 - (0 + -2))?
-1
What is the value of 7 + -4 - (6 + 1)?
-4
Calculate 3 + -4 + -1 - (-2 + -5).
5
(0 - 2) + (-10 - -16)
4
(-4 - -4) + (3 - 0) + -3
0
Evaluate 10 + -10 + (-5 - -2).
-3
What is the value of 2 + (1 - ((2 - -1) + 0))?
0
Calculate 3 + (-2 + (0 - 1) - -6).
6
What is 1 + -3 + (5 + -12 - -6)?
-3
0 + 5 + (-1 + -15 - -14)
3
What is the value of (31 - (8 - -7)) + -15?
1
Evaluate -3 - -2 - (6 - 10).
3
What is the value of -7 + 12 - (1 + (2 - 3))?
5
Calculate -4 + (-1 - -3) - 2.
-4
What is 7 - (6 + (5 - (-7 - -7)))?
-4
Evaluate -14 + 6 + (-1 - -5).
-4
What is 3 + 6 + -3 - (-3 + 7)?
2
Calculate -3 + (-1 - -5) + -1 + -1.
-1
Calculate 0 - (-5 - (-5 - -3)).
3
6 + -3 + -1 + 1 + -3
0
What is the value of 20 + -17 - (0 + -2)?
5
Calculate (-3 - 2) + (-27 - -36).
4
Calculate (5 + -5 - 4) + 0 + -1.
-5
(-1 - -2) + (-6 - (1 - 3))
-3
Evaluate -125 - -139 - (1 - -10).
3
(4 - 1) + (-15 - -14)
2
Evaluate -1 - (10 - 5) - 1.
-7
What is 8 - ((-2 - -6) + (1 - -6))?
-3
What is the value of -3 + 2 + (-5 - (-3 - 2))?
-1
6 + (6 - (28 - 10))
-6
What is the value of -4 + (-5 - -6) + -2 - 0?
-5
1 + 1 + -2 + -1 + -4
-5
What is (-1 - 2) + (0 - -3)?
0
What is 6 + -1 - (51 + -43)?
-3
Calculate -1 - 0 - (-4 - -2).
1
What is 4 + -7 + 4 + -4 + -2?
-5
Evaluate -4 - (8 + -6 + -7).
1
Calculate 5 + 3 + 0 + -12.
-4
What is the value of 5 + -4 + 6 + -5?
2
-5 + 9 - (1 + -4 - -2)
5
What is (3 - -3) + 0 + -1 + -1?
4
What is the value of 2 - (0 - (1 - (-4 - -8)))?
-1
What is the value of 9 + (-16 - -9) - 0?
2
What is -6 + (2 - 0 - 3)?
-7
Calculate 6 + -5 + -2 + (1 - -4).
4
What is the value of 3 + -1 + -1 + (2 - 2)?
1
What is the value of 0 + (1 - (7 + -4))?
-2
-14 - -20 - (5 + 0)
1
Calculate (10 + 3 - 17) + -4.
-8
Evaluate 3 + -1 + 37 + -40.
-1
What is the value of -2 - (-6 - -7 - 8)?
5
Calculate -2 + (5 - 7) + (5 - -1).
2
What is the value of 3 + -2 + 1 - (-25 - -24)?
3
38 + -41 - (-16 - -2)
11
What is 5 - (-4 + 0 - (-11 - -4))?
2
0 + -1 + (2 - 1 - -2)
2
1 - -1 - ((13 - 8) + -8)
5
Evaluate (36 - 33) + 1 + -7.
-3
What is the value of -3 - -9 - (-7 - -9)?
4
Calculate 4 - -1 - (0 + 10).
-5
(9 - 11) + (2 - (0 + -10))
10
What is 13 + -7 + 4 + -7?
3
-9 - (12 - 6 - 12)
-3
Evaluate -3 - -2 - (-2 + 0 + 1).
0
3 + (-1 - -5 - 2)
5
Evaluate 7 - (8 - -4 - 5) - -1.
1
-1 + 7 - (-5 - -10)
1
Calculate -5 + 6 - (-8 + 3) - 3.
3
Calculate -1 + -2 + 1 + (3 - 4).
-3
-1 - (-2 - (4 - -1) - -14)
-8
Calculate 2 + 2 - 2 - 2.
0
4 + -6 + 5 + -3
0
Evaluate 7 - 1 - (-12 - -24).
-6
Calculate 6 - (5 + -2 + 6).
-3
Evaluate (-2 - -8) + (-22 - -17) - 8.
-7
What is the value of (-2 - (-2 - -3)) + 7 + -3?
1
-1 - 2 - (-9 + 2 + 9)
-5
Evaluate -6 + -1 + 2 + -1 + 5.
-1
Evaluate 12 + -5 - (2 + 1).
4
What is the value of 0 + 2 + -32 + 34 - 2?
2
What is -3 - (-1 + 3) - (-1 - -1)?
-5
Calculate (8 - 2) + 8 + (3 - 9).
8
Calculate -4 - (4 - (1 - (4 + -7))).
-4
(7 - 7) + (2 - (1 - -1))
0
What is -3 + 6 + (4 - 7)?
0
-12 - (7 + -11 + -8)
0
Calculate -4 - -6 - (14 + -7).
-5
0 + 4 - (-38 - -35)
7
What is the value of -3 + (6 - 4) + 4?
3
Calculate (1 + 5 - 2) + 0.
4
-3 - (-1 + 7 - 8)
-1
23 + -17 + -13 + 1 + -1
-7
Evaluate 127 + -117 + 0 + -12.
-2
-12 - -11 - (0 - 0)
-1
(2 - (0 - -3) - 4) + 10
